{"id":403,"date":"2023-02-14T16:49:58","date_gmt":"2023-02-14T16:49:58","guid":{"rendered":"http:\/\/felixbussephotography.de\/?page_id=403"},"modified":"2023-03-07T20:35:05","modified_gmt":"2023-03-07T20:35:05","slug":"lost-in-concrete","status":"publish","type":"page","link":"https:\/\/felixbussephotography.de\/?page_id=403","title":{"rendered":"Lost in concrete"},"content":{"rendered":"\n<p>Architektur spielt in der menschlichen Kultur eine bedeutsame Rolle. Wenn man Kultur als Gegenpol zu Natur begreift also im Grunde als \u201emenschgemacht\u201c, dann ist das Gestalten, Bauen und Instandhalten von H\u00e4usern sicherlich ein wesentlicher Teil davon. Geb\u00e4ude sprechen zu den betrachtenden Personen. Sie bieten viel Raum f\u00fcr Interpretationen und lassen vermeintlich R\u00fcckschl\u00fcsse zu auf die wirtschaftliche Lage, Eitelkeit bzw. Geltungsbed\u00fcrfnis oder auch Achtsamkeit der Menschen hinter der Fassade.<\/p>\n\n\n\n<p>Geb\u00e4ude sind von Menschen gemacht und f\u00fcr Menschen gemacht. Doch je mehr Menschen ein Geb\u00e4ude nutzen, desto mehr tritt die einzelne Person in den Hintergrund und desto verlorener wirkt sie mitunter. Es entsteht beinahe der Eindruck als sei die Architektur nicht f\u00fcr sondern gegen den Menschen geschaffen. W\u00fcsten aus Beton, Glas und Stahl wirken mitunter nicht wie eine geeignete Umgebung, um sich wohlzuf\u00fchlen und auch die Dimensionen lassen einzelne Menschen zu unbedeutsamen Zwergen werden. Durch das Fehlen jeglicher Individualit\u00e4t stehen die Geb\u00e4ude als Sinnbild der anonymen Stadt und umso verlorener wirken Personen in dieser Umgebung.<\/p>\n\n\n\n<p>Ich finde es spannend, in meinen Fotos eine Beziehung zwischen Menschen und der Architektur, in der sie sich bewegen, herzustellen. Die oftmals strengen Linien und beinahe grafischen Elemente stehen im krassen Gegensatz zu den menschlichen Motiven. Starke Kontraste und Schatten verst\u00e4rken diesen Eindruck oftmals.<\/p>\n\n\n\nngg_shortcode_0_placeholder\n","protected":false},"excerpt":{"rendered":"<p>Architektur spielt in der menschlichen Kultur eine bedeutsame Rolle. Wenn man Kultur als Gegenpol zu Natur begreift also im Grunde als \u201emenschgemacht\u201c, dann ist das Gestalten, Bauen und Instandhalten von H\u00e4usern sicherlich ein wesentlicher Teil davon. Geb\u00e4ude sprechen zu den betrachtenden Personen. Sie bieten viel Raum f\u00fcr Interpretationen und lassen vermeintlich R\u00fcckschl\u00fcsse zu auf die [&hellip;]<\/p>\n","protected":false},"author":1,"featured_media":0,"parent":0,"menu_order":0,"comment_status":"closed","ping_status":"closed","template":"","meta":{"_monsterinsights_skip_tracking":false,"_monsterinsights_sitenote_active":false,"_monsterinsights_sitenote_note":"","_monsterinsights_sitenote_category":0,"ngg_post_thumbnail":0,"footnotes":""},"class_list":["post-403","page","type-page","status-publish","hentry"],"_links":{"self":[{"href":"https:\/\/felixbussephotography.de\/index.php?rest_route=\/wp\/v2\/pages\/403","targetHints":{"allow":["GET"]}}],"collection":[{"href":"https:\/\/felixbussephotography.de\/index.php?rest_route=\/wp\/v2\/pages"}],"about":[{"href":"https:\/\/felixbussephotography.de\/index.php?rest_route=\/wp\/v2\/types\/page"}],"author":[{"embeddable":true,"href":"https:\/\/felixbussephotography.de\/index.php?rest_route=\/wp\/v2\/users\/1"}],"replies":[{"embeddable":true,"href":"https:\/\/felixbussephotography.de\/index.php?rest_route=%2Fwp%2Fv2%2Fcomments&post=403"}],"version-history":[{"count":6,"href":"https:\/\/felixbussephotography.de\/index.php?rest_route=\/wp\/v2\/pages\/403\/revisions"}],"predecessor-version":[{"id":668,"href":"https:\/\/felixbussephotography.de\/index.php?rest_route=\/wp\/v2\/pages\/403\/revisions\/668"}],"wp:attachment":[{"href":"https:\/\/felixbussephotography.de\/index.php?rest_route=%2Fwp%2Fv2%2Fmedia&parent=403"}],"curies":[{"name":"wp","href":"https:\/\/api.w.org\/{rel}","templated":true}]}}